{"id":30,"date":"2020-04-13T11:18:54","date_gmt":"2020-04-13T11:18:54","guid":{"rendered":"https:\/\/lastrestazas.com\/index.php\/home\/"},"modified":"2023-03-20T08:02:34","modified_gmt":"2023-03-20T13:02:34","slug":"home","status":"publish","type":"page","link":"https:\/\/lastrestazas.com\/","title":{"rendered":"Home"},"content":{"rendered":"\t\t<div data-elementor-type=\"wp-page\" data-elementor-id=\"30\" class=\"elementor elementor-30\">\n\t\t\t\t\t\t\t\t\t<section class=\"elementor-section elementor-top-section elementor-element elementor-element-50112ee elementor-section-content-middle elementor-hidden-tablet elementor-section-height-min-height elementor-section-boxed elementor-section-height-default elementor-section-items-middle\" data-id=\"50112ee\" data-element_type=\"section\">\n\t\t\t\t\t\t<div class=\"elementor-container elementor-column-gap-default\">\n\t\t\t\t\t<div class=\"elementor-column elementor-col-66 elementor-top-column elementor-element elementor-element-b54c1d8\" data-id=\"b54c1d8\" data-element_type=\"column\">\n\t\t\t<div class=\"elementor-widget-wrap elementor-element-populated\">\n\t\t\t\t\t\t\t\t<div class=\"elementor-element elementor-element-744f8c7 elementor-widget elementor-widget-text-editor\" data-id=\"744f8c7\" data-element_type=\"widget\" data-widget_type=\"text-editor.default\">\n\t\t\t\t<div class=\"elementor-widget-container\">\n\t\t\t<style>\/*! elementor - v3.10.2 - 29-01-2023 *\/\n.elementor-widget-text-editor.elementor-drop-cap-view-stacked .elementor-drop-cap{background-color:#818a91;color:#fff}.elementor-widget-text-editor.elementor-drop-cap-view-framed .elementor-drop-cap{color:#818a91;border:3px solid;background-color:transparent}.elementor-widget-text-editor:not(.elementor-drop-cap-view-default) .elementor-drop-cap{margin-top:8px}.elementor-widget-text-editor:not(.elementor-drop-cap-view-default) .elementor-drop-cap-letter{width:1em;height:1em}.elementor-widget-text-editor .elementor-drop-cap{float:left;text-align:center;line-height:1;font-size:50px}.elementor-widget-text-editor .elementor-drop-cap-letter{display:inline-block}<\/style>\t\t\t\t<p>Este es un emprendimiento para cuidar la bogotaneidad, para aportar una narrativa distinta de la identidad capitalina. Basados en la peque\u00f1a gran obra del costumbrismo bogotano \u201cLas tres tazas\u201d de Jos\u00e9 Mar\u00eda Vergara y Vergara nos encargamos de contar la historia de Bogot\u00e1.<\/p>\t\t\t\t\t\t<\/div>\n\t\t\t\t<\/div>\n\t\t\t\t<div class=\"elementor-element elementor-element-cac7934 elementor-widget elementor-widget-text-editor\" data-id=\"cac7934\" data-element_type=\"widget\" data-widget_type=\"text-editor.default\">\n\t\t\t\t<div class=\"elementor-widget-container\">\n\t\t\t\t\t\t\t<p>T\u00e9, caf\u00e9 y chocolate son las bebidas que contienen las tazas. Y cada una es la descripci\u00f3n de un momento en la ciudad. La pregunta de: \u00bfQu\u00e9 nos identifica como rolos y rolas? Encontrar\u00e1 respuesta aqu\u00ed.<\/p>\t\t\t\t\t\t<\/div>\n\t\t\t\t<\/div>\n\t\t\t\t<div class=\"elementor-element elementor-element-f2764ed elementor-widget elementor-widget-text-editor\" data-id=\"f2764ed\" data-element_type=\"widget\" data-widget_type=\"text-editor.default\">\n\t\t\t\t<div class=\"elementor-widget-container\">\n\t\t\t\t\t\t\t<p>TAZA 1\u00aa &#8211; Santa Fe 1813<br \/>TAZA 2\u00aa &#8211; Santaf\u00e9 de Bogot\u00e1 1848<br \/>TAZA 3\u00aa &#8211; Bogot\u00e1 1866<\/p>\t\t\t\t\t\t<\/div>\n\t\t\t\t<\/div>\n\t\t\t\t<div class=\"elementor-element elementor-element-f495a57 elementor-widget elementor-widget-image\" data-id=\"f495a57\" data-element_type=\"widget\" data-widget_type=\"image.default\">\n\t\t\t\t<div class=\"elementor-widget-container\">\n\t\t\t<style>\/*! elementor - v3.10.2 - 29-01-2023 *\/\n.elementor-widget-image{text-align:center}.elementor-widget-image a{display:inline-block}.elementor-widget-image a img[src$=\".svg\"]{width:48px}.elementor-widget-image img{vertical-align:middle;display:inline-block}<\/style>\t\t\t\t\t\t\t\t\t\t\t\t<img decoding=\"async\" width=\"1024\" height=\"128\" src=\"https:\/\/lastrestazas.com\/wp-content\/uploads\/2023\/01\/Logo-Blanco-1024x128.png\" class=\"attachment-large size-large wp-image-305\" alt=\"\" loading=\"lazy\" srcset=\"https:\/\/lastrestazas.com\/wp-content\/uploads\/2023\/01\/Logo-Blanco-1024x128.png 1024w, https:\/\/lastrestazas.com\/wp-content\/uploads\/2023\/01\/Logo-Blanco-300x37.png 300w, https:\/\/lastrestazas.com\/wp-content\/uploads\/2023\/01\/Logo-Blanco-768x96.png 768w, https:\/\/lastrestazas.com\/wp-content\/uploads\/2023\/01\/Logo-Blanco.png 1137w\" sizes=\"(max-width: 1024px) 100vw, 1024px\" \/>\t\t\t\t\t\t\t\t\t\t\t\t\t\t\t<\/div>\n\t\t\t\t<\/div>\n\t\t\t\t\t<\/div>\n\t\t<\/div>\n\t\t\t\t<div class=\"elementor-column elementor-col-33 elementor-top-column elementor-element elementor-element-5541199\" data-id=\"5541199\" data-element_type=\"column\">\n\t\t\t<div class=\"elementor-widget-wrap elementor-element-populated\">\n\t\t\t\t\t\t\t\t<div class=\"elementor-element elementor-element-71a76b8 e-transform elementor-widget elementor-widget-image\" data-id=\"71a76b8\" data-element_type=\"widget\" data-settings=\"{&quot;_transform_scale_effect&quot;:{&quot;unit&quot;:&quot;px&quot;,&quot;size&quot;:1.6,&quot;sizes&quot;:[]},&quot;_transform_scale_effect_mobile&quot;:{&quot;unit&quot;:&quot;px&quot;,&quot;size&quot;:1.6,&quot;sizes&quot;:[]},&quot;_transform_scale_effect_tablet&quot;:{&quot;unit&quot;:&quot;px&quot;,&quot;size&quot;:&quot;&quot;,&quot;sizes&quot;:[]}}\" data-widget_type=\"image.default\">\n\t\t\t\t<div class=\"elementor-widget-container\">\n\t\t\t\t\t\t\t\t\t\t\t\t\t\t\t<img decoding=\"async\" width=\"878\" height=\"1024\" src=\"https:\/\/lastrestazas.com\/wp-content\/uploads\/2023\/02\/a-878x1024.png\" class=\"attachment-large size-large wp-image-496\" alt=\"\" loading=\"lazy\" srcset=\"https:\/\/lastrestazas.com\/wp-content\/uploads\/2023\/02\/a-878x1024.png 878w, https:\/\/lastrestazas.com\/wp-content\/uploads\/2023\/02\/a-257x300.png 257w, https:\/\/lastrestazas.com\/wp-content\/uploads\/2023\/02\/a-768x895.png 768w, https:\/\/lastrestazas.com\/wp-content\/uploads\/2023\/02\/a.png 935w\" sizes=\"(max-width: 878px) 100vw, 878px\" \/>\t\t\t\t\t\t\t\t\t\t\t\t\t\t\t<\/div>\n\t\t\t\t<\/div>\n\t\t\t\t\t<\/div>\n\t\t<\/div>\n\t\t\t\t\t\t\t<\/div>\n\t\t<\/section>\n\t\t\t\t<section class=\"elementor-section elementor-top-section elementor-element elementor-element-4b77f75 elementor-section-height-full elementor-section-content-middle elementor-section-stretched elementor-hidden-desktop elementor-hidden-mobile elementor-section-boxed elementor-section-height-default elementor-section-items-middle\" data-id=\"4b77f75\" data-element_type=\"section\" data-settings=\"{&quot;stretch_section&quot;:&quot;section-stretched&quot;}\">\n\t\t\t\t\t\t<div class=\"elementor-container elementor-column-gap-default\">\n\t\t\t\t\t<div class=\"elementor-column elementor-col-100 elementor-top-column elementor-element elementor-element-8fa60e5\" data-id=\"8fa60e5\" data-element_type=\"column\">\n\t\t\t<div class=\"elementor-widget-wrap elementor-element-populated\">\n\t\t\t\t\t\t\t\t<div class=\"elementor-element elementor-element-d129d05 elementor-widget elementor-widget-text-editor\" data-id=\"d129d05\" data-element_type=\"widget\" data-widget_type=\"text-editor.default\">\n\t\t\t\t<div class=\"elementor-widget-container\">\n\t\t\t\t\t\t\t<p>Este es un emprendimiento para cuidar la bogotaneidad, para aportar una narrativa distinta de la identidad capitalina. Basados en la peque\u00f1a gran obra del costumbrismo bogotano \u201cLas tres tazas\u201d de Jos\u00e9 Mar\u00eda Vergara y Vergara nos encargamos de contar la historia de Bogot\u00e1.<\/p>\t\t\t\t\t\t<\/div>\n\t\t\t\t<\/div>\n\t\t\t\t<div class=\"elementor-element elementor-element-83db441 elementor-widget elementor-widget-text-editor\" data-id=\"83db441\" data-element_type=\"widget\" data-widget_type=\"text-editor.default\">\n\t\t\t\t<div class=\"elementor-widget-container\">\n\t\t\t\t\t\t\t<p>T\u00e9, caf\u00e9 y chocolate son las bebidas que contienen las tazas. Y cada una es la descripci\u00f3n de un momento en la ciudad. La pregunta de: \u00bfQu\u00e9 nos identifica como rolos y rolas? Encontrar\u00e1 respuesta aqu\u00ed.<\/p>\t\t\t\t\t\t<\/div>\n\t\t\t\t<\/div>\n\t\t\t\t<div class=\"elementor-element elementor-element-bd5ede5 elementor-widget elementor-widget-text-editor\" data-id=\"bd5ede5\" data-element_type=\"widget\" data-widget_type=\"text-editor.default\">\n\t\t\t\t<div class=\"elementor-widget-container\">\n\t\t\t\t\t\t\t<p>TAZA 1\u00aa &#8211; Santa Fe 1813<br \/>TAZA 2\u00aa &#8211; Santaf\u00e9 de Bogot\u00e1 1848<br \/>TAZA 3\u00aa &#8211; Bogot\u00e1 1866<\/p>\t\t\t\t\t\t<\/div>\n\t\t\t\t<\/div>\n\t\t\t\t<div class=\"elementor-element elementor-element-4f265b0 elementor-widget elementor-widget-image\" data-id=\"4f265b0\" data-element_type=\"widget\" data-widget_type=\"image.default\">\n\t\t\t\t<div class=\"elementor-widget-container\">\n\t\t\t\t\t\t\t\t\t\t\t\t\t\t\t<img decoding=\"async\" width=\"768\" height=\"96\" src=\"https:\/\/lastrestazas.com\/wp-content\/uploads\/2023\/01\/Logo-Blanco-768x96.png\" class=\"attachment-medium_large size-medium_large wp-image-305\" alt=\"\" loading=\"lazy\" srcset=\"https:\/\/lastrestazas.com\/wp-content\/uploads\/2023\/01\/Logo-Blanco-768x96.png 768w, https:\/\/lastrestazas.com\/wp-content\/uploads\/2023\/01\/Logo-Blanco-300x37.png 300w, https:\/\/lastrestazas.com\/wp-content\/uploads\/2023\/01\/Logo-Blanco-1024x128.png 1024w, https:\/\/lastrestazas.com\/wp-content\/uploads\/2023\/01\/Logo-Blanco.png 1137w\" sizes=\"(max-width: 768px) 100vw, 768px\" \/>\t\t\t\t\t\t\t\t\t\t\t\t\t\t\t<\/div>\n\t\t\t\t<\/div>\n\t\t\t\t<div class=\"elementor-element elementor-element-a3e7cae e-transform elementor-widget elementor-widget-image\" data-id=\"a3e7cae\" data-element_type=\"widget\" data-settings=\"{&quot;_transform_scale_effect_tablet&quot;:{&quot;unit&quot;:&quot;px&quot;,&quot;size&quot;:1.4,&quot;sizes&quot;:[]},&quot;_transform_scale_effect&quot;:{&quot;unit&quot;:&quot;px&quot;,&quot;size&quot;:&quot;&quot;,&quot;sizes&quot;:[]},&quot;_transform_scale_effect_mobile&quot;:{&quot;unit&quot;:&quot;px&quot;,&quot;size&quot;:&quot;&quot;,&quot;sizes&quot;:[]}}\" data-widget_type=\"image.default\">\n\t\t\t\t<div class=\"elementor-widget-container\">\n\t\t\t\t\t\t\t\t\t\t\t\t\t\t\t<img decoding=\"async\" width=\"768\" height=\"895\" src=\"https:\/\/lastrestazas.com\/wp-content\/uploads\/2023\/02\/a-768x895.png\" class=\"attachment-medium_large size-medium_large wp-image-496\" alt=\"\" loading=\"lazy\" srcset=\"https:\/\/lastrestazas.com\/wp-content\/uploads\/2023\/02\/a-768x895.png 768w, https:\/\/lastrestazas.com\/wp-content\/uploads\/2023\/02\/a-257x300.png 257w, https:\/\/lastrestazas.com\/wp-content\/uploads\/2023\/02\/a-878x1024.png 878w, https:\/\/lastrestazas.com\/wp-content\/uploads\/2023\/02\/a.png 935w\" sizes=\"(max-width: 768px) 100vw, 768px\" \/>\t\t\t\t\t\t\t\t\t\t\t\t\t\t\t<\/div>\n\t\t\t\t<\/div>\n\t\t\t\t\t<\/div>\n\t\t<\/div>\n\t\t\t\t\t\t\t<\/div>\n\t\t<\/section>\n\t\t\t\t\t\t\t<\/div>\n\t\t","protected":false},"excerpt":{"rendered":"<p>Este es un emprendimiento para cuidar la bogotaneidad, para aportar una narrativa distinta de la identidad capitalina. Basados en la peque\u00f1a gran obra del costumbrismo bogotano \u201cLas tres tazas\u201d de Jos\u00e9 Mar\u00eda Vergara y Vergara nos encargamos de contar la historia de Bogot\u00e1. T\u00e9, caf\u00e9 y chocolate son las bebidas que contienen las tazas. Y &hellip;<\/p>\n<p class=\"read-more\"> <a class=\"\" href=\"https:\/\/lastrestazas.com\/\"> <span class=\"screen-reader-text\">Home<\/span> Leer m\u00e1s &raquo;<\/a><\/p>\n","protected":false},"author":1,"featured_media":0,"parent":0,"menu_order":0,"comment_status":"closed","ping_status":"closed","template":"","meta":{"inline_featured_image":false,"site-sidebar-layout":"no-sidebar","site-content-layout":"page-builder","ast-global-header-display":"","ast-main-header-display":"","ast-hfb-above-header-display":"","ast-hfb-below-header-display":"","ast-hfb-mobile-header-display":"","site-post-title":"disabled","ast-breadcrumbs-content":"","ast-featured-img":"","footer-sml-layout":"","theme-transparent-header-meta":"enabled","adv-header-id-meta":"","stick-header-meta":"","header-above-stick-meta":"","header-main-stick-meta":"","header-below-stick-meta":""},"_links":{"self":[{"href":"https:\/\/lastrestazas.com\/index.php\/wp-json\/wp\/v2\/pages\/30"}],"collection":[{"href":"https:\/\/lastrestazas.com\/index.php\/wp-json\/wp\/v2\/pages"}],"about":[{"href":"https:\/\/lastrestazas.com\/index.php\/wp-json\/wp\/v2\/types\/page"}],"author":[{"embeddable":true,"href":"https:\/\/lastrestazas.com\/index.php\/wp-json\/wp\/v2\/users\/1"}],"replies":[{"embeddable":true,"href":"https:\/\/lastrestazas.com\/index.php\/wp-json\/wp\/v2\/comments?post=30"}],"version-history":[{"count":208,"href":"https:\/\/lastrestazas.com\/index.php\/wp-json\/wp\/v2\/pages\/30\/revisions"}],"predecessor-version":[{"id":701,"href":"https:\/\/lastrestazas.com\/index.php\/wp-json\/wp\/v2\/pages\/30\/revisions\/701"}],"wp:attachment":[{"href":"https:\/\/lastrestazas.com\/index.php\/wp-json\/wp\/v2\/media?parent=30"}],"curies":[{"name":"wp","href":"https:\/\/api.w.org\/{rel}","templated":true}]}}